{"id":52,"date":"2024-10-22T12:43:58","date_gmt":"2024-10-22T12:43:58","guid":{"rendered":"https:\/\/cea.ghost.uem.mz\/?page_id=52"},"modified":"2024-10-22T12:43:58","modified_gmt":"2024-10-22T12:43:58","slug":"conselho-de-cea","status":"publish","type":"page","link":"https:\/\/cea.uem.mz\/index.php\/conselho-de-cea\/","title":{"rendered":"Conselho de CEA"},"content":{"rendered":"\t\t<div data-elementor-type=\"wp-page\" data-elementor-id=\"52\" class=\"elementor elementor-52\">\n\t\t\t\t<div class=\"elementor-element elementor-element-9ff9f62 e-flex e-con-boxed wpr-particle-no wpr-jarallax-no wpr-parallax-no wpr-sticky-section-no e-con e-parent\" data-id=\"9ff9f62\" data-element_type=\"container\">\n\t\t\t\t\t<div class=\"e-con-inner\">\n\t\t\t\t<div class=\"elementor-element elementor-element-ede4ed8 elementor-widget elementor-widget-spacer\" data-id=\"ede4ed8\" data-element_type=\"widget\" data-widget_type=\"spacer.default\">\n\t\t\t\t\t\t\t<div class=\"elementor-spacer\">\n\t\t\t<div class=\"elementor-spacer-inner\"><\/div>\n\t\t<\/div>\n\t\t\t\t\t\t<\/div>\n\t\t\t\t\t<\/div>\n\t\t\t\t<\/div>\n\t\t<div class=\"elementor-element elementor-element-c47a572 e-flex e-con-boxed wpr-particle-no wpr-jarallax-no wpr-parallax-no wpr-sticky-section-no e-con e-parent\" data-id=\"c47a572\" data-element_type=\"container\">\n\t\t\t\t\t<div class=\"e-con-inner\">\n\t\t\t\t<div class=\"elementor-element elementor-element-00c4bef elementor-widget elementor-widget-heading\" data-id=\"00c4bef\" data-element_type=\"widget\" data-widget_type=\"heading.default\">\n\t\t\t\t\t<h2 class=\"elementor-heading-title elementor-size-default\">Conselho de CEA<\/h2>\t\t\t\t<\/div>\n\t\t\t\t<div class=\"elementor-element elementor-element-99f6966 elementor-widget elementor-widget-heading\" data-id=\"99f6966\" data-element_type=\"widget\" data-widget_type=\"heading.default\">\n\t\t\t\t\t<h2 class=\"elementor-heading-title elementor-size-default\">Membros por Iner\u00eancia de fun\u00e7\u00f5es<\/h2>\t\t\t\t<\/div>\n\t\t\t\t\t<\/div>\n\t\t\t\t<\/div>\n\t\t<div class=\"elementor-element elementor-element-2b683b1 e-flex e-con-boxed wpr-particle-no wpr-jarallax-no wpr-parallax-no wpr-sticky-section-no e-con e-parent\" data-id=\"2b683b1\" data-element_type=\"container\">\n\t\t\t\t\t<div class=\"e-con-inner\">\n\t\t\t\t<div class=\"elementor-element elementor-element-5f61df9 elementor-widget__width-initial elementor-widget elementor-widget-image\" data-id=\"5f61df9\" data-element_type=\"widget\" data-widget_type=\"image.default\">\n\t\t\t\t\t\t\t\t\t\t\t\t\t\t\t<img decoding=\"async\" width=\"150\" height=\"150\" src=\"https:\/\/cea.uem.mz\/wp-content\/uploads\/2025\/07\/Director-Carlos-Arnaldo_2017-v2-150x150.jpg\" class=\"attachment-thumbnail size-thumbnail wp-image-1097\" alt=\"\" \/>\t\t\t\t\t\t\t\t\t\t\t\t\t\t\t<\/div>\n\t\t\t\t<div class=\"elementor-element elementor-element-8fef863 elementor-widget__width-initial elementor-widget elementor-widget-text-editor\" data-id=\"8fef863\" data-element_type=\"widget\" data-widget_type=\"text-editor.default\">\n\t\t\t\t\t\t\t\t\t<h3>Presidente<\/h3><p>Carlos Arnaldo<\/p>\t\t\t\t\t\t\t\t<\/div>\n\t\t\t\t\t<\/div>\n\t\t\t\t<\/div>\n\t\t<div class=\"elementor-element elementor-element-9a0b1b5 e-flex e-con-boxed wpr-particle-no wpr-jarallax-no wpr-parallax-no wpr-sticky-section-no e-con e-parent\" data-id=\"9a0b1b5\" data-element_type=\"container\">\n\t\t\t\t\t<div class=\"e-con-inner\">\n\t\t<div class=\"elementor-element elementor-element-3b07d47 e-con-full e-flex wpr-particle-no wpr-jarallax-no wpr-parallax-no wpr-sticky-section-no e-con e-child\" data-id=\"3b07d47\" data-element_type=\"container\">\n\t\t<div class=\"elementor-element elementor-element-30b9661 e-con-full e-flex wpr-particle-no wpr-jarallax-no wpr-parallax-no wpr-sticky-section-no e-con e-child\" data-id=\"30b9661\" data-element_type=\"container\">\n\t\t\t\t<div class=\"elementor-element elementor-element-616417c elementor-widget__width-initial elementor-widget elementor-widget-image\" data-id=\"616417c\" data-element_type=\"widget\" data-widget_type=\"image.default\">\n\t\t\t\t\t\t\t\t\t\t\t\t\t\t\t<img decoding=\"async\" width=\"150\" height=\"150\" src=\"https:\/\/cea.uem.mz\/wp-content\/uploads\/2025\/07\/Doutora-Susana-Maleane-v2-150x150.jpg\" class=\"attachment-thumbnail size-thumbnail wp-image-1098\" alt=\"\" \/>\t\t\t\t\t\t\t\t\t\t\t\t\t\t\t<\/div>\n\t\t\t\t<div class=\"elementor-element elementor-element-6e87de7 elementor-widget__width-initial elementor-widget elementor-widget-text-editor\" data-id=\"6e87de7\" data-element_type=\"widget\" data-widget_type=\"text-editor.default\">\n\t\t\t\t\t\t\t\t\t<h5>Diretora Adjunta para Administra\u00e7\u00e3o e coopera\u00e7\u00e3o<\/h5><p>Susana Maleane<\/p>\t\t\t\t\t\t\t\t<\/div>\n\t\t\t\t<\/div>\n\t\t\t\t<\/div>\n\t\t<div class=\"elementor-element elementor-element-e233008 e-con-full e-flex wpr-particle-no wpr-jarallax-no wpr-parallax-no wpr-sticky-section-no e-con e-child\" data-id=\"e233008\" data-element_type=\"container\">\n\t\t<div class=\"elementor-element elementor-element-e2b878b e-con-full e-flex wpr-particle-no wpr-jarallax-no wpr-parallax-no wpr-sticky-section-no e-con e-child\" data-id=\"e2b878b\" data-element_type=\"container\">\n\t\t<div class=\"elementor-element elementor-element-a79d5db e-con-full e-flex wpr-particle-no wpr-jarallax-no wpr-parallax-no wpr-sticky-section-no e-con e-child\" data-id=\"a79d5db\" data-element_type=\"container\">\n\t\t\t\t<div class=\"elementor-element elementor-element-b00d3be elementor-widget__width-initial elementor-widget elementor-widget-image\" data-id=\"b00d3be\" data-element_type=\"widget\" data-widget_type=\"image.default\">\n\t\t\t\t\t\t\t\t\t\t\t\t\t\t\t<img decoding=\"async\" width=\"150\" height=\"150\" src=\"https:\/\/cea.uem.mz\/wp-content\/uploads\/2025\/07\/m_Carlos-Fernandes1694689578-150x150.jpg\" class=\"attachment-thumbnail size-thumbnail wp-image-1099\" alt=\"\" \/>\t\t\t\t\t\t\t\t\t\t\t\t\t\t\t<\/div>\n\t\t\t\t<div class=\"elementor-element elementor-element-79e762d elementor-widget__width-initial elementor-widget elementor-widget-text-editor\" data-id=\"79e762d\" data-element_type=\"widget\" data-widget_type=\"text-editor.default\">\n\t\t\t\t\t\t\t\t\t<h5>Diretor Adjunto para Investiga\u00e7\u00e3o e Extens\u00e3o<\/h5><p>Carlos Fernandes<\/p>\t\t\t\t\t\t\t\t<\/div>\n\t\t\t\t<\/div>\n\t\t\t\t<\/div>\n\t\t\t\t<\/div>\n\t\t<div class=\"elementor-element elementor-element-6b0d516 e-con-full e-flex wpr-particle-no wpr-jarallax-no wpr-parallax-no wpr-sticky-section-no e-con e-child\" data-id=\"6b0d516\" data-element_type=\"container\">\n\t\t<div class=\"elementor-element elementor-element-032c7b3 e-con-full e-flex wpr-particle-no wpr-jarallax-no wpr-parallax-no wpr-sticky-section-no e-con e-child\" data-id=\"032c7b3\" data-element_type=\"container\">\n\t\t<div class=\"elementor-element elementor-element-9822109 e-con-full e-flex wpr-particle-no wpr-jarallax-no wpr-parallax-no wpr-sticky-section-no e-con e-child\" data-id=\"9822109\" data-element_type=\"container\">\n\t\t\t\t<div class=\"elementor-element elementor-element-826ffe3 elementor-widget__width-initial elementor-widget elementor-widget-image\" data-id=\"826ffe3\" data-element_type=\"widget\" data-widget_type=\"image.default\">\n\t\t\t\t\t\t\t\t\t\t\t\t\t\t\t<img loading=\"lazy\" decoding=\"async\" width=\"150\" height=\"150\" src=\"https:\/\/cea.uem.mz\/wp-content\/uploads\/2024\/10\/m_portfolio_6-150x150.jpg\" class=\"attachment-thumbnail size-thumbnail wp-image-238\" alt=\"\" \/>\t\t\t\t\t\t\t\t\t\t\t\t\t\t\t<\/div>\n\t\t\t\t<div class=\"elementor-element elementor-element-78a080c elementor-widget__width-initial elementor-widget elementor-widget-text-editor\" data-id=\"78a080c\" data-element_type=\"widget\" data-widget_type=\"text-editor.default\">\n\t\t\t\t\t\t\t\t\t<h5>Presidente do Conselho Cientifico\u00a0<\/h5><p>Teresa Manjate<\/p>\t\t\t\t\t\t\t\t<\/div>\n\t\t\t\t<\/div>\n\t\t\t\t<\/div>\n\t\t\t\t<\/div>\n\t\t<div class=\"elementor-element elementor-element-dacc90a e-con-full e-flex wpr-particle-no wpr-jarallax-no wpr-parallax-no wpr-sticky-section-no e-con e-child\" data-id=\"dacc90a\" data-element_type=\"container\">\n\t\t<div class=\"elementor-element elementor-element-b7e96d0 e-con-full e-flex wpr-particle-no wpr-jarallax-no wpr-parallax-no wpr-sticky-section-no e-con e-child\" data-id=\"b7e96d0\" data-element_type=\"container\">\n\t\t<div class=\"elementor-element elementor-element-bf4bc19 e-con-full e-flex wpr-particle-no wpr-jarallax-no wpr-parallax-no wpr-sticky-section-no e-con e-child\" data-id=\"bf4bc19\" data-element_type=\"container\">\n\t\t\t\t<div class=\"elementor-element elementor-element-a23fb55 elementor-widget__width-initial elementor-widget elementor-widget-image\" data-id=\"a23fb55\" data-element_type=\"widget\" data-widget_type=\"image.default\">\n\t\t\t\t\t\t\t\t\t\t\t\t\t\t\t<img loading=\"lazy\" decoding=\"async\" width=\"150\" height=\"150\" src=\"https:\/\/cea.uem.mz\/wp-content\/uploads\/2024\/10\/m_Crisofia-Langa-da-Camara1694697969-150x150.jpg\" class=\"attachment-thumbnail size-thumbnail wp-image-232\" alt=\"\" \/>\t\t\t\t\t\t\t\t\t\t\t\t\t\t\t<\/div>\n\t\t\t\t<div class=\"elementor-element elementor-element-5fbcf68 elementor-widget__width-initial elementor-widget elementor-widget-text-editor\" data-id=\"5fbcf68\" data-element_type=\"widget\" data-widget_type=\"text-editor.default\">\n\t\t\t\t\t\t\t\t\t<h5>Chefe de Departamento de Estudo de Linguagem<\/h5><p>Crisofia Langa<\/p>\t\t\t\t\t\t\t\t<\/div>\n\t\t\t\t<\/div>\n\t\t\t\t<\/div>\n\t\t\t\t<\/div>\n\t\t<div class=\"elementor-element elementor-element-adb325f e-con-full e-flex wpr-particle-no wpr-jarallax-no wpr-parallax-no wpr-sticky-section-no e-con e-child\" data-id=\"adb325f\" data-element_type=\"container\">\n\t\t<div class=\"elementor-element elementor-element-9930495 e-con-full e-flex wpr-particle-no wpr-jarallax-no wpr-parallax-no wpr-sticky-section-no e-con e-child\" data-id=\"9930495\" data-element_type=\"container\">\n\t\t<div class=\"elementor-element elementor-element-fadaa09 e-con-full e-flex wpr-particle-no wpr-jarallax-no wpr-parallax-no wpr-sticky-section-no e-con e-child\" data-id=\"fadaa09\" data-element_type=\"container\">\n\t\t\t\t<div class=\"elementor-element elementor-element-72b5c82 elementor-widget__width-initial elementor-widget elementor-widget-image\" data-id=\"72b5c82\" data-element_type=\"widget\" data-widget_type=\"image.default\">\n\t\t\t\t\t\t\t\t\t\t\t\t\t\t\t<img loading=\"lazy\" decoding=\"async\" width=\"150\" height=\"150\" src=\"https:\/\/cea.uem.mz\/wp-content\/uploads\/2024\/10\/m_Chapane1694697935-150x150.png\" class=\"attachment-thumbnail size-thumbnail wp-image-231\" alt=\"\" \/>\t\t\t\t\t\t\t\t\t\t\t\t\t\t\t<\/div>\n\t\t\t\t<div class=\"elementor-element elementor-element-7eaac1e elementor-widget__width-initial elementor-widget elementor-widget-text-editor\" data-id=\"7eaac1e\" data-element_type=\"widget\" data-widget_type=\"text-editor.default\">\n\t\t\t\t\t\t\t\t\t<h5>Chefe de Departamento de Estudos Politicos\u00a0<\/h5><p>Chapane Mutiua<\/p>\t\t\t\t\t\t\t\t<\/div>\n\t\t\t\t<\/div>\n\t\t\t\t<\/div>\n\t\t\t\t<\/div>\n\t\t<div class=\"elementor-element elementor-element-8e1c871 e-con-full e-flex wpr-particle-no wpr-jarallax-no wpr-parallax-no wpr-sticky-section-no e-con e-child\" data-id=\"8e1c871\" data-element_type=\"container\">\n\t\t<div class=\"elementor-element elementor-element-f086a66 e-con-full e-flex wpr-particle-no wpr-jarallax-no wpr-parallax-no wpr-sticky-section-no e-con e-child\" data-id=\"f086a66\" data-element_type=\"container\">\n\t\t<div class=\"elementor-element elementor-element-18b0308 e-con-full e-flex wpr-particle-no wpr-jarallax-no wpr-parallax-no wpr-sticky-section-no e-con e-child\" data-id=\"18b0308\" data-element_type=\"container\">\n\t\t\t\t<div class=\"elementor-element elementor-element-32a31db elementor-widget__width-initial elementor-widget elementor-widget-image\" data-id=\"32a31db\" data-element_type=\"widget\" data-widget_type=\"image.default\">\n\t\t\t\t\t\t\t\t\t\t\t\t\t\t\t<img loading=\"lazy\" decoding=\"async\" width=\"150\" height=\"150\" src=\"https:\/\/cea.uem.mz\/wp-content\/uploads\/2024\/10\/m_MF-webpagpicture1697800594-150x150.jpg\" class=\"attachment-thumbnail size-thumbnail wp-image-234\" alt=\"\" \/>\t\t\t\t\t\t\t\t\t\t\t\t\t\t\t<\/div>\n\t\t\t\t<div class=\"elementor-element elementor-element-c365b1d elementor-widget__width-initial elementor-widget elementor-widget-text-editor\" data-id=\"c365b1d\" data-element_type=\"widget\" data-widget_type=\"text-editor.default\">\n\t\t\t\t\t\t\t\t\t<h5>Chefe de Depart. de Estudos de Desenvolvimento e Genero<\/h5><p>Monica Frederico<\/p>\t\t\t\t\t\t\t\t<\/div>\n\t\t\t\t<\/div>\n\t\t\t\t<\/div>\n\t\t\t\t<\/div>\n\t\t\t\t\t<\/div>\n\t\t\t\t<\/div>\n\t\t<div class=\"elementor-element elementor-element-9e9e952 e-flex e-con-boxed wpr-particle-no wpr-jarallax-no wpr-parallax-no wpr-sticky-section-no e-con e-parent\" data-id=\"9e9e952\" data-element_type=\"container\">\n\t\t\t\t\t<div class=\"e-con-inner\">\n\t\t<div class=\"elementor-element elementor-element-7cc0d15 e-con-full e-flex wpr-particle-no wpr-jarallax-no wpr-parallax-no wpr-sticky-section-no e-con e-child\" data-id=\"7cc0d15\" data-element_type=\"container\">\n\t\t<div class=\"elementor-element elementor-element-5675932 e-con-full e-flex wpr-particle-no wpr-jarallax-no wpr-parallax-no wpr-sticky-section-no e-con e-child\" data-id=\"5675932\" data-element_type=\"container\">\n\t\t<div class=\"elementor-element elementor-element-9292ba1 e-con-full e-flex wpr-particle-no wpr-jarallax-no wpr-parallax-no wpr-sticky-section-no e-con e-child\" data-id=\"9292ba1\" data-element_type=\"container\">\n\t\t\t\t<div class=\"elementor-element elementor-element-292eec8 elementor-widget__width-initial elementor-widget elementor-widget-text-editor\" data-id=\"292eec8\" data-element_type=\"widget\" data-widget_type=\"text-editor.default\">\n\t\t\t\t\t\t\t\t\t<h5><strong>Dept\u00ba\u00a0 de Informa\u00e7\u00e3o e Documenta\u00e7\u00e3o<\/strong><\/h5><p>Gil Chulundo<\/p>\t\t\t\t\t\t\t\t<\/div>\n\t\t\t\t<\/div>\n\t\t\t\t<\/div>\n\t\t\t\t<\/div>\n\t\t<div class=\"elementor-element elementor-element-0d422bd e-con-full e-flex wpr-particle-no wpr-jarallax-no wpr-parallax-no wpr-sticky-section-no e-con e-child\" data-id=\"0d422bd\" data-element_type=\"container\">\n\t\t<div class=\"elementor-element elementor-element-5f6ff32 e-con-full e-flex wpr-particle-no wpr-jarallax-no wpr-parallax-no wpr-sticky-section-no e-con e-child\" data-id=\"5f6ff32\" data-element_type=\"container\">\n\t\t<div class=\"elementor-element elementor-element-fa177c0 e-con-full e-flex wpr-particle-no wpr-jarallax-no wpr-parallax-no wpr-sticky-section-no e-con e-child\" data-id=\"fa177c0\" data-element_type=\"container\">\n\t\t\t\t<div class=\"elementor-element elementor-element-07c68f4 elementor-widget__width-initial elementor-widget elementor-widget-image\" data-id=\"07c68f4\" data-element_type=\"widget\" data-widget_type=\"image.default\">\n\t\t\t\t\t\t\t\t\t\t\t\t\t\t\t<img loading=\"lazy\" decoding=\"async\" width=\"150\" height=\"150\" src=\"https:\/\/cea.uem.mz\/wp-content\/uploads\/2024\/10\/l_20171116092148-150x150.jpg\" class=\"attachment-thumbnail size-thumbnail wp-image-605\" alt=\"\" \/>\t\t\t\t\t\t\t\t\t\t\t\t\t\t\t<\/div>\n\t\t\t\t<div class=\"elementor-element elementor-element-1ae4c3c elementor-widget__width-initial elementor-widget elementor-widget-text-editor\" data-id=\"1ae4c3c\" data-element_type=\"widget\" data-widget_type=\"text-editor.default\">\n\t\t\t\t\t\t\t\t\t<h5><strong>Dept\u00ba de Administracao e Recursos\u00a0 <\/strong><\/h5><p>Vitor Macuvel<\/p>\t\t\t\t\t\t\t\t<\/div>\n\t\t\t\t<\/div>\n\t\t\t\t<\/div>\n\t\t\t\t<\/div>\n\t\t\t\t\t<\/div>\n\t\t\t\t<\/div>\n\t\t<div class=\"elementor-element elementor-element-260bbda e-flex e-con-boxed wpr-particle-no wpr-jarallax-no wpr-parallax-no wpr-sticky-section-no e-con e-parent\" data-id=\"260bbda\" data-element_type=\"container\">\n\t\t\t\t\t<div class=\"e-con-inner\">\n\t\t\t\t<div class=\"elementor-element elementor-element-c1ae41c elementor-widget elementor-widget-heading\" data-id=\"c1ae41c\" data-element_type=\"widget\" data-widget_type=\"heading.default\">\n\t\t\t\t\t<h2 class=\"elementor-heading-title elementor-size-default\">Membros Eleitos<\/h2>\t\t\t\t<\/div>\n\t\t\t\t\t<\/div>\n\t\t\t\t<\/div>\n\t\t<div class=\"elementor-element elementor-element-c1c66ab e-flex e-con-boxed wpr-particle-no wpr-jarallax-no wpr-parallax-no wpr-sticky-section-no e-con e-parent\" data-id=\"c1c66ab\" data-element_type=\"container\">\n\t\t\t\t\t<div class=\"e-con-inner\">\n\t\t<div class=\"elementor-element elementor-element-0cd3aaa e-con-full e-flex wpr-particle-no wpr-jarallax-no wpr-parallax-no wpr-sticky-section-no e-con e-child\" data-id=\"0cd3aaa\" data-element_type=\"container\">\n\t\t<div class=\"elementor-element elementor-element-d6f6c39 e-con-full e-flex wpr-particle-no wpr-jarallax-no wpr-parallax-no wpr-sticky-section-no e-con e-child\" data-id=\"d6f6c39\" data-element_type=\"container\">\n\t\t<div class=\"elementor-element elementor-element-63a4a8d e-con-full e-flex wpr-particle-no wpr-jarallax-no wpr-parallax-no wpr-sticky-section-no e-con e-child\" data-id=\"63a4a8d\" data-element_type=\"container\">\n\t\t\t\t<div class=\"elementor-element elementor-element-e4840aa elementor-widget__width-initial elementor-widget elementor-widget-image\" data-id=\"e4840aa\" data-element_type=\"widget\" data-widget_type=\"image.default\">\n\t\t\t\t\t\t\t\t\t\t\t\t\t\t\t<img loading=\"lazy\" decoding=\"async\" width=\"150\" height=\"150\" src=\"https:\/\/cea.uem.mz\/wp-content\/uploads\/2024\/10\/m_Zeferino-Ugembe1694698029-150x150.jpg\" class=\"attachment-thumbnail size-thumbnail wp-image-243\" alt=\"\" \/>\t\t\t\t\t\t\t\t\t\t\t\t\t\t\t<\/div>\n\t\t\t\t<div class=\"elementor-element elementor-element-5106bba elementor-widget__width-initial elementor-widget elementor-widget-text-editor\" data-id=\"5106bba\" data-element_type=\"widget\" data-widget_type=\"text-editor.default\">\n\t\t\t\t\t\t\t\t\t<h5>Representante dos Investigadores\u00a0<\/h5><p>Zeferino Ugembe<\/p>\t\t\t\t\t\t\t\t<\/div>\n\t\t\t\t<\/div>\n\t\t\t\t<\/div>\n\t\t\t\t<\/div>\n\t\t<div class=\"elementor-element elementor-element-2a35abd e-con-full e-flex wpr-particle-no wpr-jarallax-no wpr-parallax-no wpr-sticky-section-no e-con e-child\" data-id=\"2a35abd\" data-element_type=\"container\">\n\t\t<div class=\"elementor-element elementor-element-cb178a8 e-con-full e-flex wpr-particle-no wpr-jarallax-no wpr-parallax-no wpr-sticky-section-no e-con e-child\" data-id=\"cb178a8\" data-element_type=\"container\">\n\t\t<div class=\"elementor-element elementor-element-2da3a42 e-con-full e-flex wpr-particle-no wpr-jarallax-no wpr-parallax-no wpr-sticky-section-no e-con e-child\" data-id=\"2da3a42\" data-element_type=\"container\">\n\t\t\t\t<div class=\"elementor-element elementor-element-8023dac elementor-widget__width-initial elementor-widget elementor-widget-image\" data-id=\"8023dac\" data-element_type=\"widget\" data-widget_type=\"image.default\">\n\t\t\t\t\t\t\t\t\t\t\t\t\t\t\t<img loading=\"lazy\" decoding=\"async\" width=\"150\" height=\"150\" src=\"https:\/\/cea.uem.mz\/wp-content\/uploads\/2024\/10\/l_20230914103828-150x150.jpg\" class=\"attachment-thumbnail size-thumbnail wp-image-594\" alt=\"\" \/>\t\t\t\t\t\t\t\t\t\t\t\t\t\t\t<\/div>\n\t\t\t\t<div class=\"elementor-element elementor-element-4ef67bc elementor-widget__width-initial elementor-widget elementor-widget-text-editor\" data-id=\"4ef67bc\" data-element_type=\"widget\" data-widget_type=\"text-editor.default\">\n\t\t\t\t\t\t\t\t\t<h5>Representante dos Investigadores<\/h5><p>H\u00e9lio Maungue<\/p>\t\t\t\t\t\t\t\t<\/div>\n\t\t\t\t<\/div>\n\t\t\t\t<\/div>\n\t\t\t\t<\/div>\n\t\t<div class=\"elementor-element elementor-element-c36cf04 e-con-full e-flex wpr-particle-no wpr-jarallax-no wpr-parallax-no wpr-sticky-section-no e-con e-child\" data-id=\"c36cf04\" data-element_type=\"container\">\n\t\t<div class=\"elementor-element elementor-element-04fb04c e-con-full e-flex wpr-particle-no wpr-jarallax-no wpr-parallax-no wpr-sticky-section-no e-con e-child\" data-id=\"04fb04c\" data-element_type=\"container\">\n\t\t<div class=\"elementor-element elementor-element-ba818dd e-con-full e-flex wpr-particle-no wpr-jarallax-no wpr-parallax-no wpr-sticky-section-no e-con e-child\" data-id=\"ba818dd\" data-element_type=\"container\">\n\t\t\t\t<div class=\"elementor-element elementor-element-e3d80ab elementor-widget__width-initial elementor-widget elementor-widget-image\" data-id=\"e3d80ab\" data-element_type=\"widget\" data-widget_type=\"image.default\">\n\t\t\t\t\t\t\t\t\t\t\t\t\t\t\t<img loading=\"lazy\" decoding=\"async\" width=\"150\" height=\"150\" src=\"https:\/\/cea.uem.mz\/wp-content\/uploads\/2024\/10\/l_20230914131150-150x150.jpg\" class=\"attachment-thumbnail size-thumbnail wp-image-606\" alt=\"\" \/>\t\t\t\t\t\t\t\t\t\t\t\t\t\t\t<\/div>\n\t\t\t\t<div class=\"elementor-element elementor-element-f43a875 elementor-widget__width-initial elementor-widget elementor-widget-text-editor\" data-id=\"f43a875\" data-element_type=\"widget\" data-widget_type=\"text-editor.default\">\n\t\t\t\t\t\t\t\t\t<h5>Representante do CTA\u00a0<\/h5><p>Olivia Chiziane<\/p>\t\t\t\t\t\t\t\t<\/div>\n\t\t\t\t<\/div>\n\t\t\t\t<\/div>\n\t\t\t\t<\/div>\n\t\t\t\t\t<\/div>\n\t\t\t\t<\/div>\n\t\t\t\t<\/div>\n\t\t","protected":false},"excerpt":{"rendered":"<p>Conselho de CEA Membros por Iner\u00eancia de fun\u00e7\u00f5es Presidente Carlos Arnaldo Diretora Adjunta para Administra\u00e7\u00e3o e coopera\u00e7\u00e3o Susana Maleane Diretor Adjunto para Investiga\u00e7\u00e3o e Extens\u00e3o Carlos Fernandes Presidente do Conselho Cientifico\u00a0 Teresa Manjate Chefe de Departamento de Estudo de Linguagem Crisofia Langa Chefe de Departamento de Estudos Politicos\u00a0 Chapane Mutiua Chefe de Depart. de Estudos de Desenvolvimento e Genero Monica Frederico Dept\u00ba\u00a0 de Informa\u00e7\u00e3o e Documenta\u00e7\u00e3o Gil Chulundo Dept\u00ba de Administracao e Recursos\u00a0 Vitor Macuvel Membros Eleitos Representante dos Investigadores\u00a0 Zeferino Ugembe Representante dos Investigadores H\u00e9lio Maungue Representante do CTA\u00a0 Olivia Chiziane<\/p>\n","protected":false},"author":1,"featured_media":0,"parent":0,"menu_order":0,"comment_status":"closed","ping_status":"closed","template":"","meta":{"site-sidebar-layout":"no-sidebar","site-content-layout":"","ast-site-content-layout":"full-width-container","site-content-style":"default","site-sidebar-style":"default","ast-global-header-display":"","ast-banner-title-visibility":"","ast-main-header-display":"","ast-hfb-above-header-display":"","ast-hfb-below-header-display":"","ast-hfb-mobile-header-display":"","site-post-title":"disabled","ast-breadcrumbs-content":"","ast-featured-img":"disabled","footer-sml-layout":"","theme-transparent-header-meta":"","adv-header-id-meta":"","stick-header-meta":"","header-above-stick-meta":"","header-main-stick-meta":"","header-below-stick-meta":"","astra-migrate-meta-layouts":"default","ast-page-background-enabled":"default","ast-page-background-meta":{"desktop":{"background-color":"var(--ast-global-color-5)","background-image":"","background-repeat":"repeat","background-position":"center center","background-size":"auto","background-attachment":"scroll","background-type":"","background-media":"","overlay-type":"","overlay-color":"","overlay-opacity":"","overlay-gradient":""},"tablet":{"background-color":"","background-image":"","background-repeat":"repeat","background-position":"center center","background-size":"auto","background-attachment":"scroll","background-type":"","background-media":"","overlay-type":"","overlay-color":"","overlay-opacity":"","overlay-gradient":""},"mobile":{"background-color":"","background-image":"","background-repeat":"repeat","background-position":"center center","background-size":"auto","background-attachment":"scroll","background-type":"","background-media":"","overlay-type":"","overlay-color":"","overlay-opacity":"","overlay-gradient":""}},"ast-content-background-meta":{"desktop":{"background-color":"var(--ast-global-color-4)","background-image":"","background-repeat":"repeat","background-position":"center center","background-size":"auto","background-attachment":"scroll","background-type":"","background-media":"","overlay-type":"","overlay-color":"","overlay-opacity":"","overlay-gradient":""},"tablet":{"background-color":"var(--ast-global-color-4)","background-image":"","background-repeat":"repeat","background-position":"center center","background-size":"auto","background-attachment":"scroll","background-type":"","background-media":"","overlay-type":"","overlay-color":"","overlay-opacity":"","overlay-gradient":""},"mobile":{"background-color":"var(--ast-global-color-4)","background-image":"","background-repeat":"repeat","background-position":"center center","background-size":"auto","background-attachment":"scroll","background-type":"","background-media":"","overlay-type":"","overlay-color":"","overlay-opacity":"","overlay-gradient":""}},"footnotes":""},"class_list":["post-52","page","type-page","status-publish","hentry"],"_links":{"self":[{"href":"https:\/\/cea.uem.mz\/index.php\/wp-json\/wp\/v2\/pages\/52","targetHints":{"allow":["GET"]}}],"collection":[{"href":"https:\/\/cea.uem.mz\/index.php\/wp-json\/wp\/v2\/pages"}],"about":[{"href":"https:\/\/cea.uem.mz\/index.php\/wp-json\/wp\/v2\/types\/page"}],"author":[{"embeddable":true,"href":"https:\/\/cea.uem.mz\/index.php\/wp-json\/wp\/v2\/users\/1"}],"replies":[{"embeddable":true,"href":"https:\/\/cea.uem.mz\/index.php\/wp-json\/wp\/v2\/comments?post=52"}],"version-history":[{"count":0,"href":"https:\/\/cea.uem.mz\/index.php\/wp-json\/wp\/v2\/pages\/52\/revisions"}],"wp:attachment":[{"href":"https:\/\/cea.uem.mz\/index.php\/wp-json\/wp\/v2\/media?parent=52"}],"curies":[{"name":"wp","href":"https:\/\/api.w.org\/{rel}","templated":true}]}}